x = -1405 + 4233. What is the remainder when x is divided by 23?
22
Let v = -13 - -18. Suppose 7*q + 7*q = 308. What is the remainder when q is divided by v?
2
Suppose 0*d - 4 = -d. Let r(h) be the second derivative of -h**5/20 - h**4/2 + 19*h**3/6 + 33*h**2/2 - 26*h. What is the remainder when r(-8) is divided by d?
1
Suppose 13*c + 53 = 534. Calculate the remainder when 192 is divided by c.
7
Let x be (-1)/1 + 21/7. Let k(j) = -5*j**3 - 9*j**2 + x*j**2 + 4*j**3 + 7*j + 6 - 2. What is the remainder when 46 is divided by k(-8)?
10
Let u be (-2)/(-9) + 387/81. Suppose -58 = -5*q - 2*c, -u*q - 2*c = c - 57. Calculate the remainder when 58 is divided by q.
10
Let p(v) = 2*v**2 + v + 5. Let l be p(-2). Suppose -l*k + 172 = -9*k. What is the remainder when k is divided by 29?
28
Let t = -4 + 10. Suppose p + 2*p - 33 = 0. Calculate the remainder when p is divided by t.
5
Let n be 3/(2*-3)*0. Calculate the remainder when 107 is divided by (-42 + -2 + n)/(-2).
19
Suppose 2*t = 4*t - 8. Suppose -t*z + 49 = -71. Suppose -z = -4*i - 2. Calculate the remainder when i is divided by 2.
1
Let y(b) = b**2 - 12*b + 2. Let r be y(12). Suppose 4*a + 5*q - 220 = 0, -5*a - r*q = -a - 232. What is the remainder when a is divided by 16?
12
Let v = 16 + -34. Let t = v + 16. Let k(w) = w**2 - 2. Calculate the remainder when 7 is divided by k(t).
1
Suppose -27 - 9 = -3*q. Let c(o) = -o**3 + 12*o**2 + 5*o - 11. Calculate the remainder when c(q) is divided by 13.
10
Suppose -9*v - 186 = -573. Calculate the remainder when 255 is divided by v.
40
Suppose -48 = 9*i + 456. Let l = i + 79. Let r(x) = 3*x**2 - 3*x. Calculate the remainder when l is divided by r(2).
5
Suppose 704 + 102 = 13*z. What is the remainder when z is divided by 27?
8
Suppose 495 = 14*c - 65. What is the remainder when 359 is divided by c?
39
What is the remainder when 142 is divided by (-144)/14*(136/(-24) + 1)?
46
Let b(z) = 268*z - 257. Let i(y) = -y**2 - 12*y + 2. What is the remainder when i(-9) is divided by b(1)?
7
Let r(j) = 6*j - 2 - 8 + 4. What is the remainder when 59 is divided by r(3)?
11
Let t = 28 + -42. Let r(u) = u**2 + 12*u + 9. Let g be r(t). Let s = -26 + g. Calculate the remainder when 31 is divided by s.
9
What is the remainder when -7 - (-15 + 12 + -239) is divided by 62?
49
Let t be 1 + 7 - (4 + -6). Suppose -f = -0*f - t. Suppose 5*i - f = 5. Calculate the remainder when 9 is divided by i.
0
Let d(q) = q**3 - 13*q**2 + 3*q - 10. Let j be (-110)/(-8) - 15/20. Calculate the remainder when d(j) is divided by 10.
9
Let z = 13 + 1. Suppose -5*f = 3*s - 19, -6 = s - f + 1. Calculate the remainder when 8 is divided by 66/z + s/(-7).
3
Let o = 63 - -62. What is the remainder when 356 is divided by o?
106
Suppose 2*w - 11 = -l, 0 = 5*l - 10*l - w + 10. Let x be 0 - (1 - l - -1). What is the remainder when 5 is divided by -1 + 0 + 2 - x?
1
Calculate the remainder when 39 is divided by -4*(-10)/(-8) + 41.
3
Let w = -1469 - -1544. What is the remainder when 674 is divided by w?
74
Let x = 173 - 83. What is the remainder when x is divided by 19?
14
Let h(b) = -16*b - 64. Let f be h(-8). Suppose 0 = -4*s + 4*z + f, -3*s + 59 = z - 9. Calculate the remainder when 61 is divided by s.
19
Suppose -i = 39*u - 34*u - 48, 2*u - 12 = -4*i. Let m(z) = -2*z**3 + z**2 - 4. What is the remainder when m(-3) is divided by u?
9
Let x(y) = 23*y**3 + y**2 + 4*y + 13. Calculate the remainder when x(3) is divided by 73.
71
Calculate the remainder when 1795 is divided by (3 - (-66)/(-18))/(12/(-558)).
28
What is the remainder when 2310/44 + (-3)/(-2) is divided by 10?
4
Let m = -63 - -73. Let h(t) = -3*t**3 + 3*t**2 + 4*t - 1. Let i be h(-3). Let a = i - 58. What is the remainder when a is divided by m?
7
Let w(t) = -2*t**3 + t**2 + 104*t + 12. What is the remainder when 74 is divided by w(-7)?
17
Let p(t) = -3*t + 183. Let j be (-3)/12 - (-490)/8. What is the remainder when j/((2 + 0)/2) is divided by p(54)?
19
Calculate the remainder when (-190)/(-7) + (-33)/231 is divided by 5.
2
Let o = 3 + 5. Let l(f) = 13*f - 2. Let b be l(1). Suppose 2*n - 2*u - 49 = -n, -2*n - 3*u = -b. What is the remainder when n is divided by o?
5
Let v(a) = a**3 + 9*a**2 + a + 5. Suppose -56 = -3*b + 154*m - 159*m, -5*b + 87 = 2*m. Calculate the remainder when v(-5) is divided by b.
15
Suppose 15 = -5*c + 5. Let n(y) = -8*y + 4. What is the remainder when 54 is divided by n(c)?
14
What is the remainder when (-452 + -1)/(((-168)/16)/7) is divided by 18?
14
Let w = -60 - -167. Suppose a = r + 4*r - w, -a - 41 = -2*r. What is the remainder when r is divided by 6?
4
Suppose -3*u - 3*s + 96 = -15, u = 3*s + 29. Let q(c) = c**2 - 10*c + 9. What is the remainder when u is divided by q(0)?
8
Let l be 3/12 + 94/8. Let a = l - -6. What is the remainder when a is divided by 5?
3
Let j be ((-27)/(-18))/(2/(-4)). Let m(v) = -4 + 1 - 9*v + 0. Calculate the remainder when 46 is divided by m(j).
22
Suppose -1038*n = -1037*n - 11. Let z be (1 - -1)/((-2)/4). Calculate the remainder when (20/3)/(z/(-12)) is divided by n.
9
Suppose -220*a = -227*a + 210. Calculate the remainder when 79 is divided by a.
19
Suppose -y + 6 = -6. Suppose h - 6*h + 140 = 0. Calculate the remainder when h is divided by 12 + -2 + 0*(-4)/y.
8
Suppose -5*i - 4*h + 488 = 0, 2*i - 5*h - 29 = 186. Suppose 4*u - 9 = -x + 16, -80 = -5*x - 5*u. What is the remainder when i is divided by x?
9
Suppose 4*j = 5*q + 26, 3*j = -5*q + 26 + 11. Calculate the remainder when 188 is divided by j.
8
Suppose -208 = -11*n + 8*n + 2*o, -5*n + 5*o + 355 = 0. Calculate the remainder when n is divided by 23.
20
Suppose 3*z = -2*z + 105. Calculate the remainder when ((-154)/z)/(2/(-3)) is divided by 4.
3
Suppose -302*k = -307*k + 400. Calculate the remainder when 317 is divided by k.
77
Let g = -1445 - -1466. Calculate the remainder when 460 is divided by g.
19
Let z(p) = 16*p - 243. What is the remainder when z(41) is divided by 32?
29
Suppose 2*m + 13*m - 4245 = 0. What is the remainder when m is divided by 13?
10
Suppose 2*b - 89 - 79 = 0. What is the remainder when 256 is divided by b?
4
Let u = 68 + -50. Suppose 0 = 19*r - 21*r + 96. What is the remainder when r is divided by u?
12
Suppose -24*l = 18*l - 2310. Calculate the remainder when 72 is divided by l.
17
Let x be 2/3 - (-21)/9. Suppose 38 = y + 5*g, x*y - 118 = -2*y - g. What is the remainder when 66 is divided by y?
20
Let g = -321 - -351. What is the remainder when 358 is divided by g?
28
Suppose 40 = -39*o + 41*o. What is the remainder when 2 + 1*80 + -5 is divided by o?
17
Let r(f) = 8*f**2 + 43*f + 332. Calculate the remainder when r(-11) is divided by 83.
80
Let a = 257 + -97. Suppose -159*q + a*q - 61 = 0. Calculate the remainder when q is divided by 24.
13
Let x = -107 + 132. Calculate the remainder when x/(-200) - (-882)/16 is divided by 16.
7
Let v(p) = -96*p + 42. Calculate the remainder when v(-1) is divided by 48.
42
Let t = -800 - -877. What is the remainder when 289 is divided by t?
58
Let n(t) = 9*t**2 - 2. Let b = 4189 + -4179. What is the remainder when n(-3) is divided by b?
9
Let p be 2/4 - 399/(-14). Let t = -16 + p. Calculate the remainder when t is divided by 4.
1
Let q(l) = -l**3 + 5*l**2 + 60*l - 1. What is the remainder when q(-6) is divided by 26?
9
Suppose -15*x = 2*w - 12*x - 462, 3*w - 3*x = 708. Calculate the remainder when w is divided by 27.
18
Let w be (2 + -7)*(-48)/10. Suppose 0*t - 2*t + w = 0. Let i = 67 + -23. Calculate the remainder when i is divided by t.
8
Suppose -4*s - 117 = -9*s - 4*v, 0 = 2*s + 4*v - 54. What is the remainder when 41 is divided by s?
20
Suppose -1539 = -12*y - 735. What is the remainder when 333 is divided by y?
65
Suppose 12*x = 11*x + 51. Let o = -23 + x. Calculate the remainder when 111 is divided by o.
27
Let u(f) = -f**2 - 8*f - 9. Let h be u(-6). Suppose -h*j = 2*r - 310, -5*j + 236 = 4*r - 282. Calculate the remainder when j is divided by 26.
24
Let h be 3*(-9)/((-54)/8). Calculate the remainder when 37 is divided by h*10/(-60)*9/(-2).
1
Suppose 52 = 8*s - 20. What is the remainder when 3/(15/12 - 1) is divided by s?
3
Let i = 18 + -11. Suppose 7*h - 11*h + 44 = -4*b, 2*b - 23 = -3*h. Suppose i*o = 4*o + h. What is the remainder when 10 is divided by o?
1
Let f = 96 -